hest common divisor of 6 and t?
6
Let p be ((-1)/(-2))/((-4)/(-80)). What is the highest common factor of p and 2?
2
Let i(o) = -o**2 - 22*o - 30. Let j be i(-15). What is the highest common factor of 30 and j?
15
Suppose 0 = 2*h - 4*b - 8, -4*h - 2*b + 44 = -3*b. Calculate the greatest common divisor of 36 and h.
12
Let n = -6 - 2. Let k = n - -12. What is the highest common divisor of 28 and k?
4
Let g(t) = -t**2 + 10*t - 4. Let l be g(9). Let o = l + -1. Let x be (0 - -1)*(1 + 23). What is the highest common divisor of o and x?
4
Suppose -5*i = -2*i + m - 1249, 5*i + 4*m = 2070. Calculate the greatest common divisor of 38 and i.
38
Suppose -3*v + 142 = -v. Suppose -20 = k - v. Calculate the greatest common divisor of k and 17.
17
Suppose 197 = 3*p + 2*p + u, 3*p + u - 117 = 0. What is the highest common divisor of p and 8?
8
Let h be (-3162)/(-8)*1 - (-9)/12. What is the greatest common factor of h and 44?
44
Let r = 21 - -9. What is the highest common divisor of r and 30?
30
Suppose 0 = g + 2*g + 3, -2*m + 180 = -4*g. Let x = 20 + -9. Calculate the highest common factor of m and x.
11
Suppose -2*i - i = -c, 4*i - 35 = -c. Let x(u) = -u**3 - 8*u**2 - 7*u + 10. Let k be 14/3*9/(-6). Let t be x(k). What is the greatest common divisor of c and t?
5
Let i(f) = 83*f**3 + 2*f**2 - 2*f + 1. Let h be (-4)/(-6) - 40/(-30). Suppose 0 = h*u + 3*u - 5. Let j be i(u). What is the highest common factor of j and 12?
12
Let l be (-4 - -1) + (-78)/(-6). Suppose 3*h = -0*h + 210. What is the highest common divisor of h and l?
10
Suppose 2*z - 7*z + 190 = 0. Suppose -4*j + 2 = 5*v - 2, -3*j + z = -5*v. What is the greatest common divisor of j and 15?
3
Suppose 945 = 4*t - 3*o, -234 = -3*t + 2*o + 474. What is the highest common divisor of 26 and t?
26
Suppose -t + 112 = t. Let x be (-1)/(-3) - (-40)/6. Calculate the greatest common factor of x and t.
7
Let v = 73 + -63. What is the greatest common factor of 90 and v?
10
Let u(b) = -b**3 - 3*b**2 + b - 2. Let x be u(-3). Let g = x + 7. Let v be (g/(-4))/(-1)*144. Calculate the greatest common divisor of v and 8.
8
Suppose -3*u - u + 37 = -5*z, z = -5. What is the highest common factor of u and 1?
1
Suppose -4*t + 11 = 3. Suppose -3*z = -37 - 20. Suppose g - z = -5. Calculate the highest common factor of t and g.
2
Let y be 52/(-2)*(-3 + 1). Let m = y - 28. Let o be 16*1 - 2 - 2. What is the highest common divisor of m and o?
12
Suppose -2*x = -3*x + 19. Suppose -f = -5*q - 19, -2*f - 3*q + 57 = f. What is the highest common divisor of x and f?
19
Let a(u) be the second derivative of 5*u**4/4 + u**3/2 - u**2 + u. Let j be a(2). Suppose -7*m + 48 = -m. What is the greatest common divisor of j and m?
8
Let r(v) = v**2 + 10*v - 9. Let t be r(-11). Suppose t*k - 22 + 6 = 0. Calculate the greatest common divisor of k and 88.
8
Let s = -117 - -225. Suppose 5*f - 105 = -0*f. Let o = f + -9. What is the highest common factor of s and o?
12
Let g = -3 - -20. Suppose -m + 2*i - 2 - 4 = 0, 0 = 5*m - 4*i. Suppose -m*z + 556 = 4*k, 4*z - 130 = 3*z + 2*k. Calculate the highest common divisor of g and z.
17
Suppose -4*a - 2 = 10. Let v be a/5 + (-615)/(-25). What is the highest common factor of 6 and v?
6
Let p(b) = 24*b - 5. Let y be p(8). Let k = 1 - 3. Let o be (34/6)/(k/(-6)). What is the greatest common divisor of o and y?
17
Suppose 0 = -4*q + 3*f + 20, -2*q + 5*f + 33 = 9. Suppose -3*o + 15 = q*o. What is the greatest common factor of 21 and o?
3
Let a = 18 + -13. What is the highest common divisor of 20 and a?
5
Let b(p) = 2*p**2 - p - 2. Let r be b(-4). Let x = 287 + -202. Suppose 4*a + a - x = 0. Calculate the greatest common factor of a and r.
17
Suppose 0 = 3*j + 2*o - 270, -4*o - 15 = o. Calculate the highest common factor of j and 46.
46
Let h be (-10 - -3) + 2 + 1 - -5. Calculate the greatest common factor of 1 and h.
1
Let h(z) = 3*z**3 - 8*z**2 + 9*z - 1. Let x be h(2). Calculate the greatest common divisor of 3 and x.
3
Suppose 2*r = 12 - 0. Let j be r/10 + 1042/5. Calculate the highest common factor of 19 and j.
19
Suppose 9 = 5*i - 4*o, -i + o = 2*o. Let r(n) = 204*n**2 - n. Let q be r(i). Let y = q + -115. Calculate the highest common divisor of 22 and y.
22
Let p(r) = -r - 1. Let b be p(-1). Suppose -h - t - 3 = t, h + 5*t + 18 = b. Let z be -3 + 2 + (-100)/(-2). What is the highest common divisor of z and h?
7
Let q(o) = -o**3 - o + 2. Let y be q(-2). Suppose -4*k = -2*s + 48, 4*s - 3*k + 5*k = 66. What is the highest common divisor of y and s?
6
Let l be 7/((-70)/4) - (-274)/10. Calculate the highest common factor of 108 and l.
27
Suppose 4*y + 2*i - 11 = y, i = -5*y + 30. What is the highest common divisor of y and 35?
7
Let u(b) = b**3 + 11*b**2 + 10*b - 2. Let m be u(-9). Calculate the greatest common divisor of m and 10.
10
Suppose -15 = 3*g - 0. Let s = g - -3. Let t(q) = -6*q - 2. Let a be t(s). Calculate the greatest common divisor of a and 15.
5
Let g be 5*(-3)/(-12)*4. Calculate the highest common divisor of g and 1.
1
Suppose 0 = -4*h - 0*h + 32. Suppose h*r = 6*r + 198. What is the highest common divisor of r and 9?
9
Let y(l) = l**2 + 11*l + 8. Let q be y(-12). What is the greatest common divisor of 4 and q?
4
Let c(x) = -x**3 - 8*x**2 - 2*x - 8. Let h be c(-8). Let p(y) = -8*y. Let u be p(-1). Suppose -u*v + 20 = -3*v. What is the greatest common factor of h and v?
4
Suppose 2 = 2*y - 6. Let o = y - -2. What is the highest common divisor of 15 and o?
3
Let i(j) = -j**3 - j**2 + j + 3. Let l be i(-3). Suppose d - l - 1 = 0. Calculate the greatest common divisor of d and 38.
19
Let y(h) = -56*h - 74. Let w be y(-8). Calculate the greatest common factor of w and 22.
22
Suppose -4*y - 2*s + 64 = 0, 48 = 3*y - s - 2*s. Calculate the greatest common divisor of 40 and y.
8
Let s(z) = z**3 - 9*z**2 - 7*z + 7. Let o be (4 + -1)/(18/60). Let f be s(o). Suppose -f = -5*j + 83. What is the highest common factor of 8 and j?
8
Suppose 0 = -4*m + 354 - 98. Let l(v) = 1 + 0 + 0 + 7*v. Let w be l(1). What is the greatest common factor of m and w?
8
Let l be -1*2/6*3. Let c be 176*(l/(-2) + 0). Suppose 0 = -2*p - 4*v + 22, 0 = -0*p - 4*p - 2*v + 44. What is the highest common factor of c and p?
11
Let b be 7/28 - (-33)/(-4). Let f = b + 38. Calculate the highest common divisor of 3 and f.
3
Let n be (12/(-7))/((-1)/77). Calculate the highest common factor of n and 12.
12
Suppose -3*x = 3*v - 18, 0*x + 33 = 2*v - 5*x. Calculate the highest common divisor of 99 and v.
9
Let z be 5 + (-1 - 0)*1. Let r(h) = h**3 - 3*h**2 - 2*h + 5. Let u be r(z). Suppose -v = -22 - u. What is the greatest common divisor of 14 and v?
7
Let t be 2 + 5 + 2*-1. Suppose -t*u = -25, -2*u = 3*p - 6*p + 14. Calculate the greatest common divisor of p and 88.
8
Let l(y) = -10*y - 15. Let o be l(-8). Let g = 0 - 0. Suppose 5*z - 73 = -g*x + x, -5*x = -5*z + o. What is the greatest common divisor of 45 and z?
15
Let p = 42 + -22. What is the highest common factor of 30 and p?
10
Suppose -3*j - 16 = -7*j. Calculate the greatest common divisor of j and 28.
4
Suppose 3*w - 2*m - 11 = -0*w, 4*w + m = 0. Let n be (-2)/(-1) + 12/(-3). Let d = w - n. Calculate the highest common factor of d and 24.
3
Suppose -2*t + 130 = 3*y, -3*t - 223 = 3*y - 8*y. Calculate the greatest common divisor of y and 4.
4
Let l be 16*(6 + -2)/(-2). Let g be (-1)/1*(-1 - l). Let m = g + 119. Calculate the highest common divisor of m and 11.
11
Let r(i) = -i + 8. Let w be r(-8). Let v(a) = -176*a**3 + a**2 + 2*a + 1. Let q be v(-1). Calculate the highest common divisor of q and w.
16
Suppose 4*f = -4*i + 3*i - 6, -9 = -4*i - 5*f. What is the highest common divisor of i and 15?
3
Let s(f) = -f**2 - 2*f + 17*f + 0 + 14. Let i be s(15). What is the greatest common divisor of i and 70?
14
Suppose -l = -4 - 0. Let m = -57 - -89. What is the greatest common factor of l and m?
4
Suppose 5*i + 4*p = 287, 2*p - 7*p = i - 70. Calculate the highest common factor of 11 and i.
11
Let u = -5 - -9. Calculate the highest common factor of u and 20.
4
Suppose 5*z - 8 = 537. Suppose -2*s = 2*j - j - z, -5*j + 5*s = -470. What is the highest common factor of j and 11?
11
Suppose 3*y - 66 = -5*u, -u - 2*y = -y - 12. Let m = u + -12. Calculate the highest common divisor of m and 12.
3
L